 j + 0*j**2 - 1/3*j**3. List the prime factors of t(-3).
2, 3
Let o be (-3 - -1) + 0 - -1. Let c be o - -4 - (-9)/(-3). Suppose c = -8*f + 4*f - t + 60, -3*t + 45 = 3*f. List the prime factors of f.
3, 5
Let z be 1 + -2 - (-56)/8. Suppose 0 + z = -x. List the prime factors of 5/(45/x)*-3.
2
Let p be 4*(-1)/(-4) - -3. Suppose p*i = 38 + 38. What are the prime factors of i?
19
Let t = -33 + 99. List the prime factors of t.
2, 3, 11
Let n be (-1)/(-3) + 11/3. Let m = -5 - n. List the prime factors of m/(-6) - 2/(-4).
2
Let h be -4*(3/6 - 0). List the prime factors of ((-119)/2)/7*h.
17
Let v(r) = -r**3 - 7*r**2 - 7*r - 4. Let k be v(-5). Let l = -16 - k. List the prime factors of l.
3
Let d(n) = -n + 30*n**2 + 5 - 3 - 1. What are the prime factors of d(1)?
2, 3, 5
Suppose -4*j + 0*l + 5*l + 54 = 0, 3*j - 58 = -5*l. What are the prime factors of (j + 4)/2 + -4?
2, 3
Suppose -5*m + 7*m = 170. List the prime factors of m.
5, 17
Let m = 1 + 4. List the prime factors of (-3 + m)/2 + 20.
3, 7
Let f = -3 + 1. Let n(a) = 3*a**2 + 5*a + 6. Let g(k) = 6*k**2 + 9*k + 11. Let p(t) = 3*g(t) - 5*n(t). List the prime factors of p(f).
11
Let x(j) = j**2 - j + 2. Let i be x(2). Suppose -3*c + i = -c. What are the prime factors of (-300)/(-21) - c/7?
2, 7
Let a(q) = -11*q**2 + 9*q - q - q + 5*q + q**3. Let k be a(10). Suppose -5*f - k = -4*v + 11, v - 9 = f. List the prime factors of v.
2, 7
Suppose -4*n = -47 - 137. Suppose -4*i + 4*u = -n - 6, 3*i = -4*u + 4. Suppose -4 - i = -2*m. What are the prime factors of m?
2, 3
Let k(v) = -2*v + 7. What are the prime factors of k(-7)?
3, 7
Let g = 44 - 39. What are the prime factors of g?
5
Suppose 8*x - 1864 = -224. List the prime factors of x.
5, 41
Let f be 43 - 1 - (1 + -1). Suppose 0 = -3*k + k + f. What are the prime factors of k?
3, 7
Let p = 3 - -22. What are the prime factors of p?
5
Suppose 146 + 412 = 6*j. List the prime factors of j.
3, 31
Suppose 0 = -o - 3*o - 16, 3*r = 5*o + 14. Suppose -2*j = j + 3. What are the prime factors of (j/2)/(r/8)?
2
Let k = 7 - 7. Suppose k = -0*j + j - 15. What are the prime factors of j?
3, 5
List the prime factors of (-32)/(-48)*(-609)/(1/(-1)).
2, 7, 29
Suppose -x - 30 = -2*x. What are the prime factors of x?
2, 3, 5
Let o be 3*(-1 + 42/3). Suppose 16 - o = g. Let l = g + 33. List the prime factors of l.
2, 5
Let g(d) = 20*d**2 + 4*d + 9. What are the prime factors of g(-2)?
3
What are the prime factors of (-6)/12*(-31 + 1)?
3, 5
Suppose -21*y - 60 = -22*y. List the prime factors of y.
2, 3, 5
Let d(n) = 3*n**2 + 4*n - 7. Let b = -6 - -7. Let z(m) = m - 1. Let t(y) = b*d(y) - 6*z(y). List the prime factors of t(3).
2, 5
Let k be 6 - 9 - (-1 - 11). Suppose -m + 2*m = -k. List the prime factors of 8/(-1)*m/4.
2, 3
List the prime factors of -4*(-15)/48*16.
2, 5
Suppose 5*h - 275 = 30. What are the prime factors of h?
61
Let k(g) = g**3 - 5*g**2 + 5*g. Let t be k(4). Let c = 6 - t. What are the prime factors of c?
2
Let f = -77 - -46. Let k = f + 61. What are the prime factors of k?
2, 3, 5
Let g be -5 + (0 - -1) + -1. Suppose 0 = 3*d - 2*q - 33, 5*d - 30 = -3*q + 6. Let t = g + d. List the prime factors of t.
2
Let k = -109 - -58. Let z = k - -84. Suppose 2*n = 2*c + 3*c - 20, -3*c - 3*n = -z. List the prime factors of c.
2, 3
Let y(z) = -z + 8. Let k be y(8). List the prime factors of 6 + k/(2/1).
2, 3
Let q(k) = 4*k + 3 + 2*k + k**2 - 2*k. Let n be q(-3). Suppose n = -7*t + 4*t + 36. List the prime factors of t.
2, 3
Suppose 11*m - 3077 + 503 = 0. List the prime factors of m.
2, 3, 13
Suppose -x - 180 = -3*u, 2*u - x + 2*x - 115 = 0. What are the prime factors of u?
59
Let n(l) = -2*l**2 + 4*l + 4. Let q be n(4). List the prime factors of (-94)/q - (-4)/24.
2
Let g = -217 - -323. Let f = g - 57. Suppose -3*i + 16 = -4*s, 4*i - s + 6 = f. List the prime factors of i.
2, 3
Let t = 172 - 22. List the prime factors of t.
2, 3, 5
Suppose 0 = -5*q + r + 50, 0 = -5*q - 3*r + r + 35. Let p = -4 + q. List the prime factors of p.
5
List the prime factors of (-2)/(((-2)/(-4))/(141/(-6))).
2, 47
Suppose 0 = 4*n - n + 6. Let f = n + 2. Suppose x - 4*l = -5, x + f = -2*l + 13. List the prime factors of x.
7
Let f = 3 + 0. Suppose -f*d - 3 = 0, -d + 7 = h + 2*d. List the prime factors of h.
2, 5
Suppose -2*h = 3*h - 20. Suppose h*i - 5*i = -31. List the prime factors of i.
31
Let r = -52 + 78. Let l = 7 + r. List the prime factors of l.
3, 11
Suppose 0*z - 18 = -3*z. Let n be 3/z + (-62)/4. What are the prime factors of n/1*1/(-3)?
5
Let h(f) be the third derivative of f**5/10 - f**3/6 + 3*f**2. Let b be h(-1). Suppose -51 = -3*d - 3*j, -b*d = -0*j - j - 55. What are the prime factors of d?
2, 3
Let z = -148 - -210. Let h = z - 40. What are the prime factors of h?
2, 11
Suppose -5*p + 56 = -3*p. Let n be (-14)/49 + 60/14. Suppose -4*t + p = 3*d + d, 12 = n*d. List the prime factors of t.
2
Let k(c) = c**2 + 3*c - 8. List the prime factors of k(-5).
2
Let y(n) = -n**3 - n**2 + 4*n - 3. Let k be y(2). Let z = k + 12. What are the prime factors of z?
5
Suppose 0*a + 39 = 2*x + a, 62 = 3*x + 5*a. Let q = 59 - x. What are the prime factors of q?
2, 5
Let j be 3/(-6)*-6*10. Suppose -6*r + r = -j. Suppose r = 2*s - 18. List the prime factors of s.
2, 3
Let s(p) = p**3 + p**2 + 27. Let o be s(0). Let v = -11 + o. List the prime factors of v.
2
Suppose -20 = 4*i + i, -u - 1 = i. Suppose u*c + 8 = 5*c. Let x = -1 + c. List the prime factors of x.
3
Let i(g) = g + 22. Suppose 0 = l - 4*l - 33. List the prime factors of i(l).
11
Suppose 0 = 6*h - 2*h - 52. Let r = 10 - 18. Let z = r + h. What are the prime factors of z?
5
Let g(u) = 358*u**3 - u**2 + 5*u - 4. What are the prime factors of g(1)?
2, 179
Let m(u) = -u**2 + 30*u - 45. List the prime factors of m(15).
2, 3, 5
Let h = -8 - -5. Let n(j) = -j**2 - j + 4. Let i be n(h). Let l = 2 - i. What are the prime factors of l?
2
Let h(t) be the first derivative of -2*t**2 + 1/2*t**4 + 3*t - 2 - 1/3*t**3. List the prime factors of h(2).
7
Let g(l) = l**3 - 3*l**2 - 2*l - 5. Let x be g(4). Let s(h) = 0*h - x*h - 4*h - 5 + h**2. List the prime factors of s(8).
3
Let x = -34 + 19. What are the prime factors of (x - -12) + 18 + 1?
2
Let s(c) = -c**3 - 2*c**2 + 2*c + 1. Let q be s(-3). Suppose -q*w - 45 = -5*w. List the prime factors of w.
3, 5
Suppose 0 = -2*r - 4*p + 238 + 88, -5*p + 10 = 0. List the prime factors of r.
3, 53
Let v be (-4 - -2 - -1)*-3. Suppose -5*i - 5*q = 10, 2*i = v*i + 5*q + 22. What are the prime factors of i?
3
Suppose c + 3*v - 4*v = 0, 0 = -c + 4*v. Suppose 5*m - m - 56 = c. What are the prime factors of m?
2, 7
Let f(m) = m + 2. Let g be f(0). Suppose -8 = -g*l - 2*l. List the prime factors of l.
2
Let s(x) = 4*x - 2. Let d = 5 + -3. Let h be s(d). Let a(m) = 3*m - 8. What are the prime factors of a(h)?
2, 5
Let z(a) = -3*a - 4. Let w be z(-8). Let p = w + -12. What are the prime factors of p?
2
Let s(a) = 26*a**2 + 2*a - 1. Let g be s(1). Let w = -16 + g. Let m = w - 3. List the prime factors of m.
2
Suppose -5*m + 6*m = 47. List the prime factors of m.
47
Let w = 1 + -1. What are the prime factors of 30 - (w + 4 + -2)?
2, 7
Let w(d) = -d**2 + 7*d - 2*d + 0*d + 5. Let t be 24/8 - (-2)/2. List the prime factors of w(t).
3
Let y(u) = -u + 8. Let b be y(7). Suppose 0 = -2*j - b - 5, 4*g - 133 = 3*j. What are the prime factors of g?
31
Suppose -z = -2*x - 49, -2*z + 2*x + 196 = 2*z. What are the prime factors of z?
7
Let f = 11 + -10. Let q(u) = 24*u - 1. List the prime factors of q(f).
23
Let c(u) = -u**3 + 7*u**2 - 7*u - 1. Let b = -8 - -13. Let g be c(b). Suppose g = 3*m - 2*m. What are the prime factors of m?
2, 7
Let j(z) = 4*z**2 + 10*z - 30. What are the prime factors of j(7)?
2, 59
Suppose 0 = 4*q - 5*d - 1689, -4*q - 22 = -3*d - 1717. List the prime factors of q.
2, 3, 71
Let b(a) = a - 11. Let v be b(14). Suppose -g = -v*d - 0*d + 6, 5*d = -4*g + 10. List the prime factors of d.
2
Let d = 30 - 15. Let x(f) = -3*f - 5. Let m be x(-5). Suppose -d = -m*l + 5*l. List the prime factors of l.
3
Let w(f) = -f**2 + 9*f - 4. Let u be w(9). What are the prime factors of 1661/44 + 3/u?
37
Suppose 5*a = 2*a + 5*w + 340, -5*a - 4*w + 579 = 0. List the prime factors of a.
5, 23
Let q(x) = 2*x - 4. Let h be q(-4). Suppose 0 = -b - 6. 